at is the thousands digit of 2246?
2
What is the units digit of 2392?
2
What is the ten thousands digit of 61208?
6
What is the thousands digit of 4483?
4
What is the ten thousands digit of 104241?
0
What is the units digit of 2506?
6
What is the tens digit of 360?
6
What is the hundreds digit of 454?
4
What is the thousands digit of 32254?
2
What is the units digit of 864?
4
What is the units digit of 930?
0
What is the thousands digit of 2982?
2
What is the tens digit of 3411?
1
What is the units digit of 1250?
0
What is the hundreds digit of 45020?
0
What is the thousands digit of 5517?
5
What is the tens digit of 1048?
4
What is the hundreds digit of 2573?
5
What is the ten thousands digit of 112986?
1
What is the tens digit of 926?
2
What is the units digit of 1388?
8
What is the thousands digit of 34245?
4
What is the tens digit of 36238?
3
What is the hundreds digit of 96128?
1
What is the thousands digit of 30251?
0
What is the tens digit of 1480?
8
What is the units digit of 27494?
4
What is the thousands digit of 5811?
5
What is the tens digit of 2455?
5
What is the units digit of 28220?
0
What is the units digit of 50240?
0
What is the tens digit of 235?
3
What is the tens digit of 328?
2
What is the thousands digit of 8573?
8
What is the units digit of 484?
4
What is the hundreds digit of 2649?
6
What is the units digit of 150?
0
What is the tens digit of 804?
0
What is the tens digit of 576?
7
What is the thousands digit of 12532?
2
What is the thousands digit of 7268?
7
What is the ten thousands digit of 55438?
5
What is the tens digit of 13743?
4
What is the hundreds digit of 11023?
0
What is the hundreds digit of 2062?
0
What is the thousands digit of 16610?
6
What is the tens digit of 44811?
1
What is the units digit of 6768?
8
What is the tens digit of 1648?
4
What is the units digit of 711?
1
What is the thousands digit of 7075?
7
What is the thousands digit of 2914?
2
What is the tens digit of 6123?
2
What is the units digit of 21240?
0
What is the tens digit of 509?
0
What is the hundreds digit of 3427?
4
What is the units digit of 7121?
1
What is the units digit of 13664?
4
What is the units digit of 11703?
3
What is the thousands digit of 5231?
5
What is the hundreds digit of 965?
9
What is the units digit of 5204?
4
What is the units digit of 5863?
3
What is the thousands digit of 8205?
8
What is the thousands digit of 8212?
8
What is the tens digit of 35120?
2
What is the units digit of 95488?
8
What is the tens digit of 15642?
4
What is the units digit of 18353?
3
What is the thousands digit of 84775?
4
What is the units digit of 125?
5
What is the hundreds digit of 99366?
3
What is the hundreds digit of 4709?
7
What is the tens digit of 76?
7
What is the units digit of 47?
7
What is the thousands digit of 29958?
9
What is the units digit of 491?
1
What is the tens digit of 2608?
0
What is the hundreds digit of 405?
4
What is the units digit of 19707?
7
What is the hundreds digit of 1035?
0
What is the hundreds digit of 16455?
4
What is the thousands digit of 1237?
1
What is the tens digit of 1667?
6
What is the units digit of 8329?
9
What is the ten thousands digit of 83324?
8
What is the thousands digit of 45404?
5
What is the hundreds digit of 970?
9
What is the units digit of 3692?
2
What is the units digit of 819?
9
What is the thousands digit of 19953?
9
What is the units digit of 20276?
6
What is the units digit of 548?
8
What is the units digit of 2809?
9
What is the hundreds digit of 13610?
6
What is the tens digit of 17030?
3
What is the tens digit of 649?
4
What is the units digit of 871?
1
What is the units digit of 21?
1
What is the thousands digit of 1964?
1
What is the thousands digit of 56369?
6
What is the hundreds digit of 644?
6
What is the thousands digit of 2571?
2
What is the thousands digit of 33065?
3
What is the thousands digit of 1687?
1
What is the hundreds digit of 81380?
3
What is the tens digit of 1883?
8
What is the ten thousands digit of 14386?
1
What is the thousands digit of 1212?
1
What is the units digit of 23861?
1
What is the tens digit of 1195?
9
What is the hundreds digit of 698?
6
What is the thousands digit of 5198?
5
What is the hundreds digit of 19648?
6
What is the ten thousands digit of 18262?
1
What is the units digit of 1219?
9
What is the hundreds digit of 1557?
5
What is the ten thousands digit of 14234?
1
What is the hundreds digit of 1039?
0
What is the tens digit of 4328?
2
What is the thousands digit of 12194?
2
What is the ten thousands digit of 32702?
3
What is the hundreds digit of 4705?
7
What is the hundreds digit of 396?
3
What is the thousands digit of 67988?
7
What is the units digit of 9370?
0
What is the hundreds digit of 3616?
6
What is the thousands digit of 13038?
3
What is the tens digit of 7195?
9
What is the thousands digit of 7266?
7
What is the thousands digit of 78141?
8
What is the thousands digit of 11997?
1
What is the hundreds digit of 1423?
4
What is the tens digit of 88742?
4
What is the tens digit of 26883?
8
What is the thousands digit of 5032?
5
What is the tens digit of 422?
2
What is the hundreds digit of 396?
3
What is the hundreds digit of 2012?
0
What is the thousands digit of 113404?
3
What is the tens digit of 8200?
0
What is the tens digit of 3593?
9
What is the hundreds digit of 1382?
3
What is the units digit of 882?
2
What is the hundreds digit of 895?
8
What is the units digit of 33570?
0
What is the tens digit of 82619?
1
What is the units digit of 9104?
4
What is the hundreds digit of 7389?
3
What is the ten thousands digit of 121439?
2
What is the thousands digit of 86918?
6
What is the hundreds digit of 38205?
2
What is the units digit of 40732?
2
What is the ten thousands digit of 26817?
2
What is the ten thousands digit of 18807?
1
What is the tens digit of 2241?
4
What is the units digit of 175?
5
What is the hundred thousands digit of 140664?
1
What is the thousands digit of 39858?
9
What is the hundreds digit of 832?
8
What is the units digit of 204?
4
What is the units digit of 15029?
9
What is the tens digit of 44773?
7
What is the units digit of 568?
8
What is the units digit of 2736?
6
What is the tens digit of 27087?
8
What is the hundreds digit of 9220?
2
What is the tens digit of 702?
0
What is the tens digit of 6702?
0
What is the units digit of 6958?
8
What is the hundreds digit of 19332?
3
What is the hundreds digit of 1856?
8
What is the tens digit of 1218?
1
What is the tens digit of 1160?
6
What is the thousands digit of 1196?
1
What is the units digit of 2154?
4
What is the units digit of 5459?
9
What is the hundreds digit of 1885?
8
What is the tens digit of 25505?
0
What is the hundreds digit of 62666?
6
What is the ten thousands digit of 13828?
1
What is the ten thousands digit of 31242?
3
What is the tens digit of 4006?
0
What is the ten thousands digit of 23914?
2
What is the hundreds digit of 22418?
4
What is the hundreds digit of 725?
7
What is the thousands digit of 2698?
2
What is the units digit of 42497?
7
What is the tens digit of 9572?
7
What is the units digit of 18744?
4
What is the thousands digit of 28228?
8
What is the tens digit of 3140?
4
What is the units digit of 50?
0
What is the thousands digit of 1979?
1
What is the hundreds digit of 5398?
3
What is the thousands digit of 1615?
1
What is the hundreds digit of 1887?
8
What is the tens digit of 1947?
4
What is the tens digit of 54622?
2
What is the tens digit of 12629?
2
What is the tens digit of 1032?
3
What is the ten thousands digit of 31335?
3
What is the tens digit of 769?
6
What is the units digit of 15873?
3
What is the ten thousands digit of 19782?
1
What is the thousands digit of 1449?
1
What is the thousands digit of 54436?
4
What is the units digit of 5142?
2
What is the thousands digit of 9278?
9
What is the thousands digit of 35843?
5
What is the units digit of 4448?
8
What is the thousands digit of 2018?
2
What is the units digit of 2382?
2
What is the units digit of 25826?
6
What is the thousands digit of 64734?
4
What is the hundreds digit of 42884?
8
What is the tens digit of 528?
2
What is the thousands digit of 6109?
6
What is the thousands digit of 5583?
5
What is the hundreds digit of 2191?
1
What is the 